rime number?
False
Let m be (0 + 1)/(1/9). Let s(t) = t - 9. Let o be s(6). Is 38/(o/(m/(-6))) prime?
True
Let q(r) = r**3 - 5*r**2 - 26*r + 26. Let y be q(10). Let i = 213 + -300. Let h = y - i. Is h a composite number?
False
Suppose 27*m - 22527 = 18*m. Is m a composite number?
False
Let v be 6/9 + 8/6. Suppose -4*z - 4*g = -14636, g = -v*z + 5448 + 1870. Is z composite?
False
Let z(q) = -483*q - 28. Let h(k) = k**3 - 6*k**2 + 4*k - 2. Let p be h(5). Is z(p) prime?
False
Let m = 105 + -85. Is 44965/m + 3/4 a composite number?
True
Let g(m) = -43*m**3 + 2*m**2 - 7*m + 3. Let a(c) = -3*c**3 + 15*c**2 - 2*c + 6. Let n be a(5). Is g(n) prime?
False
Let f(x) = -x**3 - 6*x**2 - 6*x + 2. Let y be f(-4). Let q be y/(-51) + 101298/(-102). Let b = 2144 + q. Is b prime?
True
Suppose 356 = 5*r - 2*l, -r + 0*r - l + 74 = 0. Let c = r + -6. Suppose 3*w - 48 = -3*q - 0*w, -4*q + c = 5*w. Is q prime?
False
Is (-4 - -356*19) + (1 - 0) a composite number?
False
Let y = -2530 - -3897. Suppose 0 = -3*h + 5*w + y, -h + 2*w + 457 = -w. Suppose 5*i - 9*i = -4*q + 924, 0 = -2*q + 4*i + h. Is q a composite number?
True
Let m be (-10)/(-3) + 1/(-3). Suppose -1 = -5*d - y, 5*d + 4*y - m - 1 = 0. Suppose -2*p = 2*c + 3*p - 205, -3*p - 15 = d. Is c prime?
False
Let g be -3 - (-36 + 0)/3. Let p be ((-12)/g)/((-4)/1398). Suppose 4*k - p = 3*q, 2*k - q - 234 = q. Is k prime?
False
Let n(y) = 2*y**2 + 21*y - 9. Let r be n(-11). Let t(s) = 131*s**3 + s**2 + 2*s - 1. Is t(r) a composite number?
True
Suppose 2250 = 12*k - 3138. Is k a composite number?
False
Suppose 0*o - 3*o - 5*t - 50 = 0, -5*t = -2*o - 50. Let s = -69 - -174. Let h = o + s. Is h composite?
True
Let k(g) = 4*g + 15. Let n be k(-4). Is (-1)/(3384/3386 + n) a composite number?
False
Let t(x) = -787*x - 8. Let l be t(-8). Suppose y - l = -2*y. Is y/16*(0 - -1) a composite number?
False
Let f(i) = 9*i**3 - 3*i**2 + 4*i - 3. Let p be f(4). Suppose -n + p = -0*n. Is n a prime number?
True
Suppose -3 = -4*h + 5*y - 1, 4*y + 2 = 3*h. Let g(p) = 39*p**2 + 19*p + 1 - 38*p + 18*p. Is g(h) a prime number?
False
Let u = 14467 - -13906. Is u a prime number?
False
Suppose 0 = 17*d + 22*d - 612651. Is d a composite number?
True
Let s = 14442 - 8819. Is s prime?
True
Let p = 40 - 24. Suppose -13*v = -p*v - 1746. Let w = -289 - v. Is w prime?
True
Let w(q) = 207*q**2 + 7*q - 3. Is w(-4) composite?
True
Let m be ((-667)/12 - 12/18)*-4. Is (m - 1) + 0 + -1 prime?
True
Let b be 2 - 7/(7/(-26)). Let m = 31 - b. Suppose 4*q - m*n - 1051 - 1399 = 0, -3*n + 1827 = 3*q. Is q a prime number?
False
Let y = -12 + 26. Let h be (-7)/y - (-514)/4. Let b = 385 - h. Is b composite?
False
Let y be (2/(-4))/(2/44). Let b = y - -48. Is b prime?
True
Let j = -13 - -16. Suppose -j*t + 2*t + 68 = -5*s, -5*t + 240 = -5*s. Is t a prime number?
True
Let m be -1 - (5 - 6) - -159. Let j = 370 - m. Is j a composite number?
False
Let s(h) = 254*h**2 + 29*h + 104. Is s(-7) prime?
True
Let j(y) = 21*y**2 + 3*y + 9. Let c(p) = p**2 + p. Let b(d) = c(d) + j(d). Suppose o = -4*h + 23, 2*h = o + 10 + 9. Is b(h) a prime number?
False
Suppose 0 = -5*d + 2*d + 6. Suppose -v - n = -2, d*n - 5 = -4*v + 3. Let l(m) = 23*m**2 + 4*m - 5. Is l(v) prime?
False
Let i = 7975 + -5690. Suppose 3*z = i - 626. Is z prime?
False
Let z be -20*(51/(-15) + 3). Suppose -1086 = -z*m + 410. Is m prime?
False
Let h(p) be the second derivative of -p**5/20 + p**3/6 + 7*p. Let x be h(-1). Suppose 3*w - 921 = -x*w. Is w prime?
True
Let z = 12 + -4. Let g(r) = r**3 - 3*r**2 + 7. Let d be g(4). Let h = d + z. Is h a composite number?
False
Let b be (-438)/1 - 0/(-2). Let t = -223 - b. Is t a composite number?
True
Suppose -3*l - 80 = -l. Is -2 + 201 - l/10 composite?
True
Let v = -3606 - -11507. Is v a prime number?
True
Suppose -4*v = 0, -4*x = -x - 5*v + 12. Let p be (6 - 10)/(x/2). Suppose 4*n = p*j - 30, -2*j + 3*n + 35 - 1 = 0. Is j prime?
True
Let t(x) = -x**3 + 31*x**2 - 31*x - 59. Suppose 5*b - 5*u = 135, 16 + 71 = 4*b + 3*u. Is t(b) a composite number?
False
Let a = -2646 - -6527. Is a a prime number?
True
Suppose b - 126 = -6*b. Let v be -86*(-3)/(b/(-33)). Let t = v - -664. Is t a composite number?
False
Suppose -288736 = -5*x - t, 4*t = -3*x + 116422 + 56823. Is x a prime number?
False
Suppose 17*g + 297976 = 1264239. Is g composite?
True
Suppose 2*p - 24607 = -q, -p - 49179 = -5*p + 5*q. Is p composite?
False
Let b = -145 + 64. Let u = b + 166. Is u prime?
False
Suppose u = -u + 6. Suppose -v - 41 = p - 173, -376 = -u*p + v. Let n = -33 + p. Is n prime?
False
Let j be ((-8)/2)/(1/(-37)). Suppose -j = 73*o - 75*o. Is o a composite number?
True
Let o(g) = 2*g - 8. Let w be o(6). Let a = 69 - w. Is a a prime number?
False
Suppose -1268 = x - 4249. Is x a prime number?
False
Is 10/15 + (-348485)/(-15) composite?
True
Let w(q) = -3*q + 0 + 5*q + 153*q**2 - 1. Let s be w(1). Suppose -s = -4*n + 202. Is n a composite number?
False
Let i(c) = 100184*c**3 - 1. Is i(1) a composite number?
False
Let m(w) = 34*w**2 + 23*w + 227. Is m(-26) prime?
True
Is 158/(-3239) + 204102/82 a composite number?
True
Suppose 73606 = 145*v - 107*v. Is v a composite number?
True
Suppose 4*z + w = -2*w - 188, -w = 4*z + 188. Let r(i) = 85*i**3 + 2*i**2 - 2*i + 1. Let y be r(1). Let n = y + z. Is n a prime number?
False
Let p = 12 + -12. Let z(v) = -v**3 + v**2 - v + 3. Let i be z(p). Let s(j) = 58*j + 5. Is s(i) composite?
False
Let z be (-18)/7*14/3. Let j(w) = -8*w + 13. Is j(z) composite?
False
Let r = 22 + -18. Suppose 2*i - r*n = 180, -2*i + n + 95 + 91 = 0. Is i a composite number?
True
Let k(u) = u**3 - 8*u**2 + 4*u - 7. Let c be k(5). Let q = c + 245. Let y = q - 49. Is y composite?
True
Let n be 12/(-24) - (-2)/4. Suppose 6*y - 5*y - 199 = n. Is y a prime number?
True
Is 33485 + (-37)/(481/78) a prime number?
True
Suppose 0 = -25*k + 312539 + 138786. Is k composite?
True
Let r(s) = -s**3 - 16. Let c be r(0). Let w be (-4)/c*20*1. Suppose -g = -w*g + 1628. Is g prime?
False
Let j(q) be the third derivative of q**8/2520 + q**7/630 - q**6/144 + q**5/15 + 6*q**2. Let k(w) be the third derivative of j(w). Is k(5) prime?
False
Suppose -5*x - 9200 = m + 4*m, 3*m + 5522 = -4*x. Let g = -1251 - m. Is g prime?
True
Suppose -2*j - j = -9. Suppose 0 = -2*n - j*n + 2*q + 296, -2*n - 3*q + 107 = 0. Suppose -4*x + 18 = -n. Is x composite?
False
Suppose -5*k + b + 43443 + 27422 = 0, 4*b = 2*k - 28346. Is k prime?
True
Let k = -29 + 39. Suppose d = k*h - 14*h + 2353, -5*d - 3*h = -11680. Is d prime?
True
Suppose 0 = -89*c + 1377375 + 155027. Is c a composite number?
True
Is 61884/3 + (-9)/9 a prime number?
True
Suppose b - 6*b = 2*i - 14409, 4*i + b = 28791. Is i a prime number?
False
Suppose -12*m + 80902 = 17770. Is m composite?
False
Let q = -1126 + 1826. Suppose -5*p + q = -0*p. Suppose -5*t - 2*y + p = y, -t - y = -30. Is t a prime number?
False
Suppose -5*k + 15 - 5 = 0. Suppose -3*a + 3 = 0, h = -h + k*a + 6. Is ((-2)/h)/(9/(-2934)) a composite number?
False
Let x(o) = -o + 19. Let f(t) = 5*t - 75. Let n(u) = 2*f(u) + 9*x(u). Is n(-7) composite?
True
Suppose -4*o + 4*n + 3144 = 0, -5*o - 22*n + 23*n = -3934. Is o prime?
True
Let d(a) = -96*a + 50. Let y be d(-15). Suppose -1415 - y = -5*o. Is o prime?
False
Let a = 1152 - 611. Is a prime?
True
Suppose 4*j = -2*f - 3*f + 16, 0 = 4*j + 2*f - 28. Suppose -4 = 4*h, 4*q + 5*h - 48 = h. Suppose -q*i = -j*i - 76. Is i a prime number?
True
Let n(t) be the second derivative of t**5/20 + 5*t**4/12 - 7*t**3/6 - 5*t**2/2 - 3*t. Let q be n(-6). Is q/(-3 - 1749/(-582)) composite?
True
Let h(g) = -219*g + 179. Is h(-30) composite?
True
Suppose 12*g + 2*g - 26614 = 0. Is g composite?
False
Let h(o) be the third derivative of 3*o**4 - 5*o**3/6 + 7*o**2. Is h(7) composite?
False
Let b be (-3 - -1) + 790 - -2. Suppose 2*y - b = -0*y. Is y composite?
True
Suppose -145*b = -138*b - 10759. Is b a composite number?
True
Suppose -2*i + 6*i = 76. Let m = i - 18. Is 24 - (m/1 + -3) composite?
True
Suppose -3*h + 3140 = 2*h - 3*p, 1256 = 2*h - 3*p. Let t = -263 + h. Is t a prime number?
False
Suppose -4*j = -5*i + 34, 0*j + 5*i - 4 = -j. Is 439*(j + 4 - -3) a prime number?
True
Suppose 2*g = 24 - 16. Is 291 + -3 + g + (5 - 2) prime?
False
Let z = 3580 + -1529. Is z composite?
Tru